{"id":430,"date":"2013-02-09T13:45:19","date_gmt":"2013-02-09T12:45:19","guid":{"rendered":"https:\/\/www.bdjl.de\/lebensart\/?page_id=430"},"modified":"2013-02-11T07:58:15","modified_gmt":"2013-02-11T06:58:15","slug":"ber-mich","status":"publish","type":"page","link":"https:\/\/www.bdjl.de\/lebensart\/?page_id=430","title":{"rendered":"&Uuml;ber mich"},"content":{"rendered":"<p>Hallo, ich bin Britta und freue mich, Dich hier auf LebensArt, meinem Blog \u00fcber Leckereien und sch\u00f6ne Dinge begr\u00fc\u00dfen zu d\u00fcrfen.<\/p>\n<p>Der Blog soll eine Sammlung an sch\u00f6nen und leckeren Sachen werden und Mir und auch Euch Spa\u00df am Lesen und vielleicht am Nachbacken, Nachkochen und Nachbasteln machen.<\/p>\n<p>Im Folgenden einige Informationen \u00fcber mich:<\/p>\n<ul>\n<li>Ich besitze mehr Backformen als Schuhe und Handtaschen<\/li>\n<li>Ich hasse Winter, Schnee und K\u00e4lte.<a href=\"#fn1\"><sup>*<\/sup><\/a><\/li>\n<li>Ich liebe den Fr\u00fchling und vor allem den Sommer &#8211; Sonne, Meer und Frankreich, Sommerkleider und Flip Flops.<\/li>\n<li>Ich liebe es, mein Haus neu zu gestalten, zu streichen, umzur\u00e4umen &#8230; es den Jahreszeiten entsprechend zu dekorieren (manchmal zum Leidwesen meiner Familie).<\/li>\n<li>Ich sterbe f\u00fcr leckeren Kuchen und Schokolade.<\/li>\n<li>Ich bin ein Fan von sch\u00f6nen Bildern und sch\u00f6nen Dingen im Allgemeinen.<\/li>\n<li>Ich kann stundenlang auf dem Sofa liegend gute Krimis lesen<\/li>\n<li>Mein Garten hat mich im Sommer fest in der Hand.<\/li>\n<li>Habe immer viel zu viele neue Ideen, und nicht immer so viel Zeit, sie alle umzusetzen.<\/li>\n<li>Wenn ich an etwas dran bin, wird es so lange probiert, bis es hundertpro klappt.<\/li>\n<li>Leider bin ich oft zu ungeduldig und kann \u00fcberhaupt nicht warten.<\/li>\n<\/ul>\n<p>&#8212;-<\/p>\n<p><a name=\"fn1\"><\/a>* Auf Weihnachten freue ich mich aber trotzdem wie ein Kind, was vor allem daran liegt, all die sch\u00f6nen Deko Sachen f\u00fcr kurze Zeit aus dem Keller zu holen und aufzustellen. Au\u00dferdem hat man viel Zeit, in der K\u00fcche zu werkeln und zu backen, denn nach drau\u00dfen gehe ich nur, wenn es sich absolut nicht vermeiden l\u00e4sst.<span style=\"line-height: 1.714285714; font-size: 1rem;\"><br \/>\n<\/span><\/p>\n","protected":false},"excerpt":{"rendered":"<p>Hallo, ich bin Britta und freue mich, Dich hier auf LebensArt, meinem Blog \u00fcber Leckereien und sch\u00f6ne Dinge begr\u00fc\u00dfen zu d\u00fcrfen. Der Blog soll eine Sammlung an sch\u00f6nen und leckeren Sachen werden und Mir und auch Euch Spa\u00df am Lesen und vielleicht am Nachbacken, Nachkochen und Nachbasteln machen. Im Folgenden einige Informationen \u00fcber mich: Ich [&hellip;]<\/p>\n","protected":false},"author":4,"featured_media":0,"parent":0,"menu_order":0,"comment_status":"closed","ping_status":"closed","template":"","meta":{"footnotes":""},"class_list":["post-430","page","type-page","status-publish","hentry"],"_links":{"self":[{"href":"https:\/\/www.bdjl.de\/lebensart\/index.php?rest_route=\/wp\/v2\/pages\/430","targetHints":{"allow":["GET"]}}],"collection":[{"href":"https:\/\/www.bdjl.de\/lebensart\/index.php?rest_route=\/wp\/v2\/pages"}],"about":[{"href":"https:\/\/www.bdjl.de\/lebensart\/index.php?rest_route=\/wp\/v2\/types\/page"}],"author":[{"embeddable":true,"href":"https:\/\/www.bdjl.de\/lebensart\/index.php?rest_route=\/wp\/v2\/users\/4"}],"replies":[{"embeddable":true,"href":"https:\/\/www.bdjl.de\/lebensart\/index.php?rest_route=%2Fwp%2Fv2%2Fcomments&post=430"}],"version-history":[{"count":17,"href":"https:\/\/www.bdjl.de\/lebensart\/index.php?rest_route=\/wp\/v2\/pages\/430\/revisions"}],"predecessor-version":[{"id":434,"href":"https:\/\/www.bdjl.de\/lebensart\/index.php?rest_route=\/wp\/v2\/pages\/430\/revisions\/434"}],"wp:attachment":[{"href":"https:\/\/www.bdjl.de\/lebensart\/index.php?rest_route=%2Fwp%2Fv2%2Fmedia&parent=430"}],"curies":[{"name":"wp","href":"https:\/\/api.w.org\/{rel}","templated":true}]}}